f - 8. Calculate the remainder when m(-6) is divided by w.
3
Suppose 2 - 8 = -2*c. Suppose 0 = -3*p - 2*u - 12, 2*p + 3*u = 6*p + 33. What is the remainder when 2/p*3*-9 is divided by c?
0
Let z(r) = 2*r**2 + 16*r + 11. What is the remainder when z(-10) is divided by (-12)/(1/(-5)*(-45)/(-12))?
3
What is the remainder when 16/(-120) + (0 - (-2057)/15) is divided by 23?
22
Suppose 27*m = 20*m + 308. Calculate the remainder when 86 is divided by m.
42
Suppose -264 = -380*u + 372*u. What is the remainder when 428 is divided by u?
32
Calculate the remainder when 21 is divided by (-24)/(-5)*-4*(-25)/40.
9
Suppose y + 172 = -3*y. Let l = y - -55. What is the remainder when 67 is divided by l?
7
Let y = 833 + -782. Let t = -34 + 47. What is the remainder when y is divided by t?
12
Suppose 0 = -18*i + 20*i + 36. Let a = 18 - 11. Calculate the remainder when (26/3)/((-6)/i) is divided by a.
5
Let p = 543 - 519. What is the remainder when 791 is divided by p?
23
Let l(i) = 6*i**2 - 3*i - 4. Suppose 5*x - 4*g + 6*g = 185, 5*x - 215 = 4*g. What is the remainder when l(7) is divided by x?
35
Let v = -693 + 733. What is the remainder when 397 is divided by v?
37
Let i = -852 - -952. Calculate the remainder when 211 is divided by i.
11
Suppose -6*q + 8*q = 10. Suppose -y = -q*y + 28. Suppose 4*c = y*c - 72. Calculate the remainder when c is divided by 14.
10
Let i(s) = -s**2 - s + 8. Let d(l) = l**3 + 10*l**2 - 11*l + 7. Let p be d(-11). Let x(o) = 2*o - 1. Calculate the remainder when x(p) is divided by i(0).
5
Let r(i) = 2*i - 49. Suppose -5*k = 3*n - 208 + 56, -4*n = 4. What is the remainder when k is divided by r(35)?
10
Suppose -g = -4*g + 243. Calculate the remainder when 403 is divided by g.
79
Let y = 694 + -687. Let t(l) = l**2 + l. Let h(k) = -8*k**2 - 12*k + 3. Let o(b) = -h(b) - 6*t(b). Calculate the remainder when o(-7) is divided by y.
4
Suppose i + 5*o = -29, 5*o = 4*i - 2*i - 17. Suppose -5*l + 56 = 3*p + 8, 0 = 3*l. What is the remainder when 19 is divided by (15/i)/((-6)/p)?
9
Let g = -29 + 28. Let p(x) = x + 3. Calculate the remainder when 5 is divided by p(g).
1
Calculate the remainder when ((-228)/(-8) - -1)*(0 + 2) is divided by 16.
11
Let a(p) = p**3 + 8*p**2 + 7*p - 2. Let t be a(-7). Let h be (-11 + 11)*(-1)/t. Let o = 17 - h. Calculate the remainder when 67 is divided by o.
16
Let m = -14 - -21. Let p(b) = -5*b + 2. Let x be p(m). Let n = x + 68. Calculate the remainder when n is divided by 18.
17
Suppose 18*i = 25*i - 1981. What is the remainder when i is divided by 22?
19
Let n = 117 - 121. What is the remainder when 1 + (-3 - (-47 - n/4)) is divided by 3?
2
Suppose 0 = 23*h + h - 20544. Calculate the remainder when h is divided by 39.
37
Suppose -611 = 10*z - 871. What is the remainder when 181 is divided by z?
25
Let r(u) = 12*u + 728. What is the remainder when r(-14) is divided by 136?
16
Let a = -64 + 74. Let x(m) = -m**3 + 12*m**2 - 15*m - 9. What is the remainder when x(a) is divided by 15?
11
Let w(k) = k**3 - 12*k**2 - 14*k + 21. Let h(v) = v**2 + 4*v - 3. Suppose 15 = -4*q - 17. Calculate the remainder when h(q) is divided by w(13).
5
What is the remainder when 789 is divided by -10 + (5 - 0) + 77?
69
Let y(k) = 28*k**2 - 2*k. Let b be y(2). Let n = 152 - b. What is the remainder when n is divided by 23?
21
Let d = -12 + 18. Let l = -887 - -933. What is the remainder when l is divided by d?
4
Suppose -1 = -d + 5*v, -6*d + 27 = -d - 3*v. Let m be (-12)/(-14)*(-2 - -9). Suppose m*x - 133 = 5. What is the remainder when x is divided by d?
5
Suppose 0 = 3*b + 284 - 305. What is the remainder when 173 is divided by b?
5
What is the remainder when 1619/21 - 44/462 is divided by (-110)/(-4) + (-3)/6?
23
Let h = -100 + 203. Calculate the remainder when h is divided by 55.
48
Let u(i) = -7*i - 5. Suppose 0 = -2*c + 5*d - 17 - 6, -d = -4*c - 19. Let f be u(c). Let o = 33 - f. What is the remainder when 29 is divided by o?
9
Let l be 15/(-25) - 726/(-10). Suppose 0*f - l = 3*f. Let t = f - -53. What is the remainder when t is divided by 10?
9
Suppose 3*k = 0, -d + 3*k - 4 + 2 = 0. Let g(o) = 18*o**2 - 2*o + 1. Let l = 21 + 5. Calculate the remainder when g(d) is divided by l.
25
Suppose -17*i + 102 = -476. Calculate the remainder when 371 is divided by i.
31
Suppose -a = 4*d + 13, 0*a + 4*a + 3*d = 0. Suppose -8 = 4*i, -a*j + 5*i = 2*j - 65. Suppose 2*u - u = j. What is the remainder when 21 is divided by u?
10
Let m = 21 + -15. Suppose -3*s = 21 + 15. Let n = 22 + s. What is the remainder when n is divided by m?
4
Suppose 0*o = -2*x - 2*o + 2, -5*x + 29 = -3*o. Calculate the remainder when 33 is divided by 122/14 - 4/(-56)*x.
6
Let r(y) be the first derivative of y**4/2 - y**3 + 3*y**2/2 + 45. Let x be (2 - 1 - 0) + 1. Calculate the remainder when 27 is divided by r(x).
7
Suppose 2*x = -0*x + 5*w - 19, 0 = 5*x + 4*w - 35. Calculate the remainder when (-120 + -2)*x/(-6) is divided by 9.
7
Suppose 24 = 3*b + 5*m, 24 = 2*b - 4*m + 8. Suppose 3*q - 156 - 3 = 0. What is the remainder when q is divided by b?
5
Suppose 0*c + 5*c = 75. Calculate the remainder when (-28)/2142*9 + 1383/51 is divided by c.
12
Calculate the remainder when 56 is divided by (-15)/18*(-2 + 6 + -22).
11
Suppose -585 - 119 = -8*p. What is the remainder when p is divided by 18?
16
Suppose 0*i - 27 = -3*i. Let w(o) = o**3 - 8*o**2 - 8*o + 10. What is the remainder when 54 is divided by w(i)?
16
Suppose 0*i - 504 = -6*i. Suppose 0 = r - 3 - i. What is the remainder when r is divided by 22?
21
Suppose -2*u + 224 = -5*t, -438 = 15*u - 19*u + 5*t. Calculate the remainder when u is divided by 41.
25
Let c = 82 - 14. Suppose -5*q + 9*q = c. Calculate the remainder when q is divided by 9.
8
Let s(j) = 41*j**2 + 8*j - 3. What is the remainder when s(-3) is divided by 49?
48
Suppose -4*h + 3*y + 0 - 36 = 0, 56 = -4*h - 2*y. Let z be (-3)/h + 59/4. Suppose 8*c = 11*c - z. Calculate the remainder when 9 is divided by c.
4
Suppose 250*x - 239*x - 1452 = 0. Calculate the remainder when 268 is divided by x.
4
Let m(b) = 29*b - 458. Calculate the remainder when m(22) is divided by 61.
58
Suppose 41*f = -4*t + 44*f + 960, -f = t - 240. What is the remainder when t is divided by 62?
54
Let k(f) = -f**3 + 4*f**2 - f - 4. Let q be k(3). Suppose m - d - 25 = 0, -6*d = -q*m - 2*d + 42. Calculate the remainder when 84 is divided by m.
26
Let z(h) = -2*h**3 - 11*h**2 - 9*h + 2. Calculate the remainder when 131 is divided by z(-5).
21
Let h = -147 - -159. Let y(c) = c + 10. Let m be y(-8). Calculate the remainder when 43 + m + 0 + 1 is divided by h.
10
Suppose -7 - 9 = 2*v. Let o = -5 - v. Suppose o*r = 6*r - 90. Calculate the remainder when r is divided by 8.
6
Suppose 3*u - 55 - 65 = 0. Suppose 20 = 4*k, -k = o + 4*k - u. Let w = -1 + 59. What is the remainder when w is divided by o?
13
Suppose 5*k - 2*u - 149 = 0, k - 4*u = 36 + 1. Suppose -x - 3*x + 344 = 0. Calculate the remainder when x is divided by k.
28
Let i = 84 + -4. Let p = i - 57. Calculate the remainder when p is divided by 3.
2
Suppose 27*d - 23*d + 3*f - 64 = 0, 0 = -2*d - f + 32. What is the remainder when 446 is divided by d?
14
Let x(r) = -12*r - 7. Let q(b) = -25*b - 13. Let g(j) = 4*q(j) - 7*x(j). Calculate the remainder when g(-2) is divided by 8.
5
Suppose 5*b = 2*q - 5*q + 322, -4*b - 5*q + 255 = 0. Calculate the remainder when b is divided by 3.
2
Let d be (((-248)/(-6))/(-4))/((-2)/102). Suppose 2*i + 60 = 2*n, 2*i - 114 = -5*n - 2*i. Calculate the remainder when d/7 - (-2)/(-7) is divided by n.
23
Let g(q) = -47*q - 230. Let w(o) = o**3 + 5*o**2 - 2*o + 1. Calculate the remainder when g(-7) is divided by w(-4).
24
Let d = -8 - 21. Let p = -20 - d. Suppose -3*z + 124 = z. Calculate the remainder when z is divided by p.
4
Let v = -87 + 111. Calculate the remainder when 135 is divided by v.
15
Let i(k) = -k**2 - 7*k - 3. Let j be i(-7). Calculate the remainder when (-3 + -1 - j) + 2 is divided by 1.
0
Suppose -5*n - 6 = -4*k, n - 59 = -57. Calculate the remainder when k is divided by 4/10 + (-16)/(-10).
0
Let z(g) = 39*g - 8. Let r(o) = 38*o - 8. Let i(w) = 6*r(w) - 7*z(w). What is the remainder when i(-1) is divided by 7?
4
Let u(q) = q - 4. Let k be u(6). Suppose -k*s + 39 = -29. Suppose 75 = 9*t - 87. Calcu